{"id":7174820,"date":"2026-03-08T02:48:46","date_gmt":"2026-03-08T01:48:46","guid":{"rendered":"https:\/\/mainstyle.org\/?page_id=7174820"},"modified":"2026-03-08T03:01:45","modified_gmt":"2026-03-08T02:01:45","slug":"frankfurt-s-bahn-spotting-orte-wo-man-s-bahnen-gut-fotografieren-kann","status":"publish","type":"page","link":"https:\/\/mainstyle.org\/index.php\/frankfurt-s-bahn-spotting-orte-wo-man-s-bahnen-gut-fotografieren-kann\/","title":{"rendered":"Frankfurt &#8211; S-Bahn Spotting &#8211; Orte wo man S-Bahnen gut fotografieren kann"},"content":{"rendered":"\n<p>Ich bin kein Spotter, ich bin ausgebildeter Fotografen Geselle.<br>Aber, hier ein zwei Orte wo man Schnellbahnen aka S-Bahnen in Frankfurt gut fotografieren kann, wenn man wei\u00df wie \ud83d\ude42 Als Fotograf f\u00e4llt das leichter. *zwicker*<\/p>\n\n\n\n<ol class=\"wp-block-list\">\n<li> S3-S6 &#8222;rechte&#8220; Seite Stadt ausw\u00e4rts:<br>Emser Br\u00fccke, Haltestelle Messe:<\/li>\n<\/ol>\n\n\n\n<figure class=\"wp-block-image size-large\"><img data-recalc-dims=\"1\" loading=\"lazy\" decoding=\"async\" width=\"584\" height=\"359\" data-attachment-id=\"7174863\" data-permalink=\"https:\/\/mainstyle.org\/index.php\/frankfurt-s-bahn-spotting-orte-wo-man-s-bahnen-gut-fotografieren-kann\/emser_bruecke_2026-03-08-022738\/\" data-orig-file=\"https:\/\/i0.wp.com\/mainstyle.org\/wp-content\/uploads\/Emser_Bruecke_2026-03-08-022738-scaled.png?fit=2560%2C1573&amp;ssl=1\" data-orig-size=\"2560,1573\" data-comments-opened=\"1\" data-image-meta=\"{&quot;aperture&quot;:&quot;0&quot;,&quot;credit&quot;:&quot;&quot;,&quot;camera&quot;:&quot;&quot;,&quot;caption&quot;:&quot;&quot;,&quot;created_timestamp&quot;:&quot;0&quot;,&quot;copyright&quot;:&quot;&quot;,&quot;focal_length&quot;:&quot;0&quot;,&quot;iso&quot;:&quot;0&quot;,&quot;shutter_speed&quot;:&quot;0&quot;,&quot;title&quot;:&quot;&quot;,&quot;orientation&quot;:&quot;0&quot;}\" data-image-title=\"Emser_Bruecke_2026-03-08 022738\" data-image-description=\"\" data-image-caption=\"\" data-large-file=\"https:\/\/i0.wp.com\/mainstyle.org\/wp-content\/uploads\/Emser_Bruecke_2026-03-08-022738-scaled.png?fit=584%2C359&amp;ssl=1\" src=\"https:\/\/i0.wp.com\/mainstyle.org\/wp-content\/uploads\/Emser_Bruecke_2026-03-08-022738.png?resize=584%2C359&#038;ssl=1\" alt=\"\" class=\"wp-image-7174863\" srcset=\"https:\/\/i0.wp.com\/mainstyle.org\/wp-content\/uploads\/Emser_Bruecke_2026-03-08-022738-scaled.png?resize=1024%2C629&amp;ssl=1 1024w, https:\/\/i0.wp.com\/mainstyle.org\/wp-content\/uploads\/Emser_Bruecke_2026-03-08-022738-scaled.png?resize=300%2C184&amp;ssl=1 300w, https:\/\/i0.wp.com\/mainstyle.org\/wp-content\/uploads\/Emser_Bruecke_2026-03-08-022738-scaled.png?resize=768%2C472&amp;ssl=1 768w, https:\/\/i0.wp.com\/mainstyle.org\/wp-content\/uploads\/Emser_Bruecke_2026-03-08-022738-scaled.png?resize=1536%2C944&amp;ssl=1 1536w, https:\/\/i0.wp.com\/mainstyle.org\/wp-content\/uploads\/Emser_Bruecke_2026-03-08-022738-scaled.png?resize=2048%2C1258&amp;ssl=1 2048w, https:\/\/i0.wp.com\/mainstyle.org\/wp-content\/uploads\/Emser_Bruecke_2026-03-08-022738-scaled.png?resize=488%2C300&amp;ssl=1 488w, https:\/\/i0.wp.com\/mainstyle.org\/wp-content\/uploads\/Emser_Bruecke_2026-03-08-022738-scaled.png?w=1168&amp;ssl=1 1168w, https:\/\/i0.wp.com\/mainstyle.org\/wp-content\/uploads\/Emser_Bruecke_2026-03-08-022738-scaled.png?w=1752&amp;ssl=1 1752w\" sizes=\"auto, (max-width: 584px) 100vw, 584px\" \/><\/figure>\n\n\n\n<p>2. S3-S6 &#8222;rechte&#8220; Seite Stadt einw\u00e4rts:<br>Camberger Br\u00fccke, kurz vor der Haltestelle Gallus (Zaun ist heute niedriger, ideal!)<\/p>\n\n\n\n<figure class=\"wp-block-image size-large\"><img data-recalc-dims=\"1\" loading=\"lazy\" decoding=\"async\" width=\"584\" height=\"356\" data-attachment-id=\"7174877\" data-permalink=\"https:\/\/mainstyle.org\/index.php\/frankfurt-s-bahn-spotting-orte-wo-man-s-bahnen-gut-fotografieren-kann\/camberbergbruecke_2026-03-08-023105\/\" data-orig-file=\"https:\/\/i0.wp.com\/mainstyle.org\/wp-content\/uploads\/CamberbergBruecke_2026-03-08-023105-scaled.png?fit=2560%2C1559&amp;ssl=1\" data-orig-size=\"2560,1559\" data-comments-opened=\"1\" data-image-meta=\"{&quot;aperture&quot;:&quot;0&quot;,&quot;credit&quot;:&quot;&quot;,&quot;camera&quot;:&quot;&quot;,&quot;caption&quot;:&quot;&quot;,&quot;created_timestamp&quot;:&quot;0&quot;,&quot;copyright&quot;:&quot;&quot;,&quot;focal_length&quot;:&quot;0&quot;,&quot;iso&quot;:&quot;0&quot;,&quot;shutter_speed&quot;:&quot;0&quot;,&quot;title&quot;:&quot;&quot;,&quot;orientation&quot;:&quot;0&quot;}\" data-image-title=\"CamberbergBruecke_2026-03-08 023105\" data-image-description=\"\" data-image-caption=\"\" data-large-file=\"https:\/\/i0.wp.com\/mainstyle.org\/wp-content\/uploads\/CamberbergBruecke_2026-03-08-023105-scaled.png?fit=584%2C356&amp;ssl=1\" src=\"https:\/\/i0.wp.com\/mainstyle.org\/wp-content\/uploads\/CamberbergBruecke_2026-03-08-023105.png?resize=584%2C356&#038;ssl=1\" alt=\"\" class=\"wp-image-7174877\" srcset=\"https:\/\/i0.wp.com\/mainstyle.org\/wp-content\/uploads\/CamberbergBruecke_2026-03-08-023105-scaled.png?resize=1024%2C624&amp;ssl=1 1024w, https:\/\/i0.wp.com\/mainstyle.org\/wp-content\/uploads\/CamberbergBruecke_2026-03-08-023105-scaled.png?resize=300%2C183&amp;ssl=1 300w, https:\/\/i0.wp.com\/mainstyle.org\/wp-content\/uploads\/CamberbergBruecke_2026-03-08-023105-scaled.png?resize=768%2C468&amp;ssl=1 768w, https:\/\/i0.wp.com\/mainstyle.org\/wp-content\/uploads\/CamberbergBruecke_2026-03-08-023105-scaled.png?resize=1536%2C935&amp;ssl=1 1536w, https:\/\/i0.wp.com\/mainstyle.org\/wp-content\/uploads\/CamberbergBruecke_2026-03-08-023105-scaled.png?resize=2048%2C1247&amp;ssl=1 2048w, https:\/\/i0.wp.com\/mainstyle.org\/wp-content\/uploads\/CamberbergBruecke_2026-03-08-023105-scaled.png?resize=493%2C300&amp;ssl=1 493w, https:\/\/i0.wp.com\/mainstyle.org\/wp-content\/uploads\/CamberbergBruecke_2026-03-08-023105-scaled.png?w=1168&amp;ssl=1 1168w, https:\/\/i0.wp.com\/mainstyle.org\/wp-content\/uploads\/CamberbergBruecke_2026-03-08-023105-scaled.png?w=1752&amp;ssl=1 1752w\" sizes=\"auto, (max-width: 584px) 100vw, 584px\" \/><\/figure>\n\n\n\n<p>3. S3-S6 &#8222;linke&#8220; Seite Stadt einw\u00e4rts aka &#8222;rechte&#8220; Seite Stadt ausw\u00e4rts:<br>S\u00fcdbahnhof<\/p>\n\n\n\n<figure class=\"wp-block-image size-large\"><img data-recalc-dims=\"1\" loading=\"lazy\" decoding=\"async\" width=\"584\" height=\"303\" data-attachment-id=\"7174901\" data-permalink=\"https:\/\/mainstyle.org\/index.php\/frankfurt-s-bahn-spotting-orte-wo-man-s-bahnen-gut-fotografieren-kann\/suedbahnhof-2026-03-08-023713\/\" data-orig-file=\"https:\/\/i0.wp.com\/mainstyle.org\/wp-content\/uploads\/Suedbahnhof-2026-03-08-023713-scaled.png?fit=2560%2C1329&amp;ssl=1\" data-orig-size=\"2560,1329\" data-comments-opened=\"1\" data-image-meta=\"{&quot;aperture&quot;:&quot;0&quot;,&quot;credit&quot;:&quot;&quot;,&quot;camera&quot;:&quot;&quot;,&quot;caption&quot;:&quot;&quot;,&quot;created_timestamp&quot;:&quot;0&quot;,&quot;copyright&quot;:&quot;&quot;,&quot;focal_length&quot;:&quot;0&quot;,&quot;iso&quot;:&quot;0&quot;,&quot;shutter_speed&quot;:&quot;0&quot;,&quot;title&quot;:&quot;&quot;,&quot;orientation&quot;:&quot;0&quot;}\" data-image-title=\"S\u00fcdbahnhof 2026-03-08 023713\" data-image-description=\"\" data-image-caption=\"\" data-large-file=\"https:\/\/i0.wp.com\/mainstyle.org\/wp-content\/uploads\/Suedbahnhof-2026-03-08-023713-scaled.png?fit=584%2C303&amp;ssl=1\" src=\"https:\/\/i0.wp.com\/mainstyle.org\/wp-content\/uploads\/Suedbahnhof-2026-03-08-023713.png?resize=584%2C303&#038;ssl=1\" alt=\"\" class=\"wp-image-7174901\" srcset=\"https:\/\/i0.wp.com\/mainstyle.org\/wp-content\/uploads\/Suedbahnhof-2026-03-08-023713-scaled.png?resize=1024%2C532&amp;ssl=1 1024w, https:\/\/i0.wp.com\/mainstyle.org\/wp-content\/uploads\/Suedbahnhof-2026-03-08-023713-scaled.png?resize=300%2C156&amp;ssl=1 300w, https:\/\/i0.wp.com\/mainstyle.org\/wp-content\/uploads\/Suedbahnhof-2026-03-08-023713-scaled.png?resize=768%2C399&amp;ssl=1 768w, https:\/\/i0.wp.com\/mainstyle.org\/wp-content\/uploads\/Suedbahnhof-2026-03-08-023713-scaled.png?resize=1536%2C797&amp;ssl=1 1536w, https:\/\/i0.wp.com\/mainstyle.org\/wp-content\/uploads\/Suedbahnhof-2026-03-08-023713-scaled.png?resize=2048%2C1063&amp;ssl=1 2048w, https:\/\/i0.wp.com\/mainstyle.org\/wp-content\/uploads\/Suedbahnhof-2026-03-08-023713-scaled.png?resize=500%2C260&amp;ssl=1 500w, https:\/\/i0.wp.com\/mainstyle.org\/wp-content\/uploads\/Suedbahnhof-2026-03-08-023713-scaled.png?w=1168&amp;ssl=1 1168w, https:\/\/i0.wp.com\/mainstyle.org\/wp-content\/uploads\/Suedbahnhof-2026-03-08-023713-scaled.png?w=1752&amp;ssl=1 1752w\" sizes=\"auto, (max-width: 584px) 100vw, 584px\" \/><\/figure>\n\n\n\n<p>3. S3-S6 &#8222;rechte&#8220; Seite Stadt einw\u00e4rts aka &#8222;linke&#8220; Seite Stadt ausw\u00e4rts:<br>S\u00fcdbahnhof Bruchstra\u00dfe:<\/p>\n\n\n\n<figure class=\"wp-block-image size-large\"><img data-recalc-dims=\"1\" loading=\"lazy\" decoding=\"async\" width=\"584\" height=\"299\" data-attachment-id=\"7174915\" data-permalink=\"https:\/\/mainstyle.org\/index.php\/frankfurt-s-bahn-spotting-orte-wo-man-s-bahnen-gut-fotografieren-kann\/image-30\/\" data-orig-file=\"https:\/\/i0.wp.com\/mainstyle.org\/wp-content\/uploads\/image-30-scaled.png?fit=2560%2C1311&amp;ssl=1\" data-orig-size=\"2560,1311\" data-comments-opened=\"1\" data-image-meta=\"{&quot;aperture&quot;:&quot;0&quot;,&quot;credit&quot;:&quot;&quot;,&quot;camera&quot;:&quot;&quot;,&quot;caption&quot;:&quot;&quot;,&quot;created_timestamp&quot;:&quot;0&quot;,&quot;copyright&quot;:&quot;&quot;,&quot;focal_length&quot;:&quot;0&quot;,&quot;iso&quot;:&quot;0&quot;,&quot;shutter_speed&quot;:&quot;0&quot;,&quot;title&quot;:&quot;&quot;,&quot;orientation&quot;:&quot;0&quot;}\" data-image-title=\"image\" data-image-description=\"\" data-image-caption=\"\" data-large-file=\"https:\/\/i0.wp.com\/mainstyle.org\/wp-content\/uploads\/image-30-scaled.png?fit=584%2C299&amp;ssl=1\" src=\"https:\/\/i0.wp.com\/mainstyle.org\/wp-content\/uploads\/image-30.png?resize=584%2C299&#038;ssl=1\" alt=\"\" class=\"wp-image-7174915\" srcset=\"https:\/\/i0.wp.com\/mainstyle.org\/wp-content\/uploads\/image-30-scaled.png?resize=1024%2C524&amp;ssl=1 1024w, https:\/\/i0.wp.com\/mainstyle.org\/wp-content\/uploads\/image-30-scaled.png?resize=300%2C154&amp;ssl=1 300w, https:\/\/i0.wp.com\/mainstyle.org\/wp-content\/uploads\/image-30-scaled.png?resize=768%2C393&amp;ssl=1 768w, https:\/\/i0.wp.com\/mainstyle.org\/wp-content\/uploads\/image-30-scaled.png?resize=1536%2C787&amp;ssl=1 1536w, https:\/\/i0.wp.com\/mainstyle.org\/wp-content\/uploads\/image-30-scaled.png?resize=2048%2C1049&amp;ssl=1 2048w, https:\/\/i0.wp.com\/mainstyle.org\/wp-content\/uploads\/image-30-scaled.png?resize=500%2C256&amp;ssl=1 500w, https:\/\/i0.wp.com\/mainstyle.org\/wp-content\/uploads\/image-30-scaled.png?w=1168&amp;ssl=1 1168w, https:\/\/i0.wp.com\/mainstyle.org\/wp-content\/uploads\/image-30-scaled.png?w=1752&amp;ssl=1 1752w\" sizes=\"auto, (max-width: 584px) 100vw, 584px\" \/><\/figure>\n\n\n\n<p><br>#SPOTTING #FRANKFURT #SCHNELLBAHN #S-Bahn #Spotter #SPOTS #GRAFFITISPOTS #MAINSTYLE<\/p>\n","protected":false},"excerpt":{"rendered":"<p>Ich bin kein Spotter, ich bin ausgebildeter Fotografen Geselle.Aber, hier ein zwei Orte wo man Schnellbahnen aka S-Bahnen in Frankfurt gut fotografieren kann, wenn man wei\u00df wie \ud83d\ude42 Als Fotograf f\u00e4llt das leichter. *zwicker* 2. S3-S6 &#8222;rechte&#8220; Seite Stadt einw\u00e4rts:Camberger &hellip; <a href=\"https:\/\/mainstyle.org\/index.php\/frankfurt-s-bahn-spotting-orte-wo-man-s-bahnen-gut-fotografieren-kann\/\">Weiterlesen <span class=\"meta-nav\">&rarr;<\/span><\/a><\/p>\n","protected":false},"author":360,"featured_media":7169560,"parent":0,"menu_order":0,"comment_status":"closed","ping_status":"closed","template":"","meta":{"jetpack_post_was_ever_published":false,"_mc_calendar":[],"footnotes":""},"class_list":["post-7174820","page","type-page","status-publish","has-post-thumbnail","hentry"],"jetpack_shortlink":"https:\/\/wp.me\/P4RzNO-u6uU","jetpack_likes_enabled":true,"jetpack_sharing_enabled":true,"jetpack-related-posts":[{"id":290895,"url":"https:\/\/mainstyle.org\/index.php\/graffiti-videos\/","url_meta":{"origin":7174820,"position":0},"title":"Videos","author":"admin","date":"2016-11-14","format":false,"excerpt":"Hallo zusammen, anbei eine Liste von Links zu Videos die entweder von mir produziert wurden oder mein Bild- und Videomaterial enthalten, neuere Clips weiter unten:\u00a0 1992 Rhein-Main, Frankfurt, Wiesbaden Graffiti, Steeltrains, S-Bahn, Styles & Character - (c) by MainstyleWith AIR, BOMBER, BRAIN, CHEV, KENT, ME, KISM, SIK, SONER and more!\u2026","rel":"","context":"\u00c4hnlicher Beitrag","block_context":{"text":"\u00c4hnlicher Beitrag","link":""},"img":{"alt_text":"","src":"https:\/\/i0.wp.com\/mainstyle.org\/wp-content\/uploads\/filmstrip_mainstyle_video_1024.jpg?fit=1024%2C546&ssl=1&resize=350%2C200","width":350,"height":200,"srcset":"https:\/\/i0.wp.com\/mainstyle.org\/wp-content\/uploads\/filmstrip_mainstyle_video_1024.jpg?fit=1024%2C546&ssl=1&resize=350%2C200 1x, https:\/\/i0.wp.com\/mainstyle.org\/wp-content\/uploads\/filmstrip_mainstyle_video_1024.jpg?fit=1024%2C546&ssl=1&resize=525%2C300 1.5x, https:\/\/i0.wp.com\/mainstyle.org\/wp-content\/uploads\/filmstrip_mainstyle_video_1024.jpg?fit=1024%2C546&ssl=1&resize=700%2C400 2x"},"classes":[]},{"id":1666526,"url":"https:\/\/mainstyle.org\/index.php\/about-me-imprint\/","url_meta":{"origin":7174820,"position":1},"title":"about me imprint","author":"admin","date":"2018-06-10","format":false,"excerpt":"Kontakt Mail an: fotojoerg at mainstyle.org Hinweis zum Copyright: Alle Bilder geh\u00f6ren mir, sprich, bei Nutzungsabsichten bitte vorher anfragen. In der Regel d\u00fcrfen alle die Bilder gerne reposten, mit Nennung der Quelle, nach Freigabe durch mich! Wie kam es zu dieser Seite? Im April 2011 erreichte mich eine Nachricht aus\u2026","rel":"","context":"\u00c4hnlicher Beitrag","block_context":{"text":"\u00c4hnlicher Beitrag","link":""},"img":{"alt_text":"","src":"","width":0,"height":0},"classes":[]},{"id":160545,"url":"https:\/\/mainstyle.org\/index.php\/angebote-rund-das-thema-graffiti-streetart\/","url_meta":{"origin":7174820,"position":2},"title":"Sammler Angebote","author":"admin","date":"2016-04-24","format":false,"excerpt":"Allgemein gibt es hier haupts\u00e4chlich Produkte die ich zu Testzwecken habe anfertigen lassen oder einfach \u00fcbrig habe - in der Regel sind das Einzelst\u00fccke oder limitierte Auflagen, Privatverkauf - f\u00fcr Sammler und Fans! April 2026Alle Angebote auf Kleinanzeigen, ich r\u00e4ume auf... https:\/\/www.kleinanzeigen.de\/s-bestandsliste.html?userId=111125 Buch Hardcover, die ersten Frankfurter Offenbacher Graffiti 1987-1982\u2026","rel":"","context":"\u00c4hnlicher Beitrag","block_context":{"text":"\u00c4hnlicher Beitrag","link":""},"img":{"alt_text":"","src":"https:\/\/i0.wp.com\/mainstyle.org\/wp-content\/uploads\/DSC_0352.jpg?fit=1200%2C801&ssl=1&resize=350%2C200","width":350,"height":200,"srcset":"https:\/\/i0.wp.com\/mainstyle.org\/wp-content\/uploads\/DSC_0352.jpg?fit=1200%2C801&ssl=1&resize=350%2C200 1x, https:\/\/i0.wp.com\/mainstyle.org\/wp-content\/uploads\/DSC_0352.jpg?fit=1200%2C801&ssl=1&resize=525%2C300 1.5x, https:\/\/i0.wp.com\/mainstyle.org\/wp-content\/uploads\/DSC_0352.jpg?fit=1200%2C801&ssl=1&resize=700%2C400 2x, https:\/\/i0.wp.com\/mainstyle.org\/wp-content\/uploads\/DSC_0352.jpg?fit=1200%2C801&ssl=1&resize=1050%2C600 3x"},"classes":[]},{"id":5596507,"url":"https:\/\/mainstyle.org\/index.php\/community-support\/","url_meta":{"origin":7174820,"position":3},"title":"Community Support","author":"admin","date":"2023-01-05","format":false,"excerpt":"Wo konnte ich Bilder spenden oder einen Beitrag leisten mit Fotografien, Leinw\u00e4nden oder Videos? 2025\/2026 ET420 Plochi Canvas f\u00fcr Spuk: 03\/2025 ET420 Plochi Canvas f\u00fcr EIN_PRO_SUCHT_KONTRA (gekauft hat er zwei Leinw\u00e4nde!): 03\/2025 ET420 Plochi Canvas f\u00fcr EIN_PRO_SUCHT_KONTRA (gekauft hat er zwei Leinw\u00e4nde!): 02\/2025 ET420 Plochi Canvas f\u00fcr EIN_PRO_SUCHT_KONTRA zwei gekauft\u2026","rel":"","context":"\u00c4hnlicher Beitrag","block_context":{"text":"\u00c4hnlicher Beitrag","link":""},"img":{"alt_text":"","src":"https:\/\/i0.wp.com\/mainstyle.org\/wp-content\/uploads\/Frankfurt_Springjam_92_1-scaled.jpg?fit=1200%2C324&ssl=1&resize=350%2C200","width":350,"height":200,"srcset":"https:\/\/i0.wp.com\/mainstyle.org\/wp-content\/uploads\/Frankfurt_Springjam_92_1-scaled.jpg?fit=1200%2C324&ssl=1&resize=350%2C200 1x, https:\/\/i0.wp.com\/mainstyle.org\/wp-content\/uploads\/Frankfurt_Springjam_92_1-scaled.jpg?fit=1200%2C324&ssl=1&resize=525%2C300 1.5x, https:\/\/i0.wp.com\/mainstyle.org\/wp-content\/uploads\/Frankfurt_Springjam_92_1-scaled.jpg?fit=1200%2C324&ssl=1&resize=700%2C400 2x, https:\/\/i0.wp.com\/mainstyle.org\/wp-content\/uploads\/Frankfurt_Springjam_92_1-scaled.jpg?fit=1200%2C324&ssl=1&resize=1050%2C600 3x"},"classes":[]},{"id":1113262,"url":"https:\/\/mainstyle.org\/index.php\/datenschutzerklaerung\/","url_meta":{"origin":7174820,"position":4},"title":"DSGVO","author":"admin","date":"2018-04-30","format":false,"excerpt":"Datenschutzerkl\u00e4rung Die Nutzung dieser Website ist ohne Angabe personenbezogener Daten m\u00f6glich. Soweit auf diesen Seiten personenbezogene Daten (beispielsweise Name, Anschrift\u00a0oder E-Mail-Adressen) erhoben werden, erfolgt dies, soweit m\u00f6glich, stets auf freiwilliger Basis.\u00a0Diese Daten werden ohne Ihre ausdr\u00fcckliche Zustimmung nicht an Dritte weitergegeben. \u2022 Cookies Diese Internetseiten verwenden teilweise sogenannte Cookies. Cookies\u2026","rel":"","context":"\u00c4hnlicher Beitrag","block_context":{"text":"\u00c4hnlicher Beitrag","link":""},"img":{"alt_text":"","src":"","width":0,"height":0},"classes":[]}],"_links":{"self":[{"href":"https:\/\/mainstyle.org\/index.php\/wp-json\/wp\/v2\/pages\/7174820","targetHints":{"allow":["GET"]}}],"collection":[{"href":"https:\/\/mainstyle.org\/index.php\/wp-json\/wp\/v2\/pages"}],"about":[{"href":"https:\/\/mainstyle.org\/index.php\/wp-json\/wp\/v2\/types\/page"}],"author":[{"embeddable":true,"href":"https:\/\/mainstyle.org\/index.php\/wp-json\/wp\/v2\/users\/360"}],"replies":[{"embeddable":true,"href":"https:\/\/mainstyle.org\/index.php\/wp-json\/wp\/v2\/comments?post=7174820"}],"version-history":[{"count":6,"href":"https:\/\/mainstyle.org\/index.php\/wp-json\/wp\/v2\/pages\/7174820\/revisions"}],"predecessor-version":[{"id":7175069,"href":"https:\/\/mainstyle.org\/index.php\/wp-json\/wp\/v2\/pages\/7174820\/revisions\/7175069"}],"wp:featuredmedia":[{"embeddable":true,"href":"https:\/\/mainstyle.org\/index.php\/wp-json\/wp\/v2\/media\/7169560"}],"wp:attachment":[{"href":"https:\/\/mainstyle.org\/index.php\/wp-json\/wp\/v2\/media?parent=7174820"}],"curies":[{"name":"wp","href":"https:\/\/api.w.org\/{rel}","templated":true}]}}